14.
2
What is 22 + 2 + -28 + (18 - 2)?
12
Calculate 25 + 12 + -46 + 9.
0
What is (10 - -2) + (-32 - (-28 + 20))?
-12
(-21 - -25 - -14) + -17
1
Calculate 30 - (-35 + 61 - -2).
2
Calculate 274 - 283 - (-3 - -20 - 2).
-24
-10 - (-14 + (-6 - -23))
-13
What is the value of 29 - (23 - -3) - ((3 - 0) + -2)?
2
What is 5 + 7 + 91 + -99 - (-17 + 1)?
20
Evaluate (3 - (-2 + 2)) + -3 + -14.
-14
Calculate 32 + (26 - 54) + 8 + 2.
14
Evaluate 128 + -163 - (-2 + -56).
23
Evaluate (3 - -3) + (-64 - -69).
11
Calculate -2 + -7 + (-3 - 1 - (1 + -28)).
14
(-15 - (4 + -13)) + -2 + -6
-14
What is the value of (2 - (3 - 8)) + (1 - (-2 - 2))?
12
What is the value of -23 + 13 + (5 - 8) + 7?
-6
Calculate -7 + 1 - (-72 + 81).
-15
3 - (4 - -4) - (0 + 0 + 27)
-32
What is the value of -96 + 101 - (2 + -3 + (2 - -2))?
2
Evaluate (3 - -1) + -12 - (7 - 20 - 30).
35
-10 + 15 + 2 - 9
-2
What is -9 + (0 - (-6 + -4))?
1
What is the value of -2 + 26 + -11 + -26?
-13
Calculate 12 + (-20 - -13 - -4).
9
Calculate (31 - 12 - 12) + 3 + -24.
-14
Calculate (-3 - (-7 + 11)) + 15 - (-1 + 6).
3
What is the value of (265 - 293) + (0 - -37)?
9
What is the value of -31 + (14 - -5) + (4 + -1 - 0)?
-9
What is the value of (-2 - -4) + 33 + -72 + 6?
-31
What is the value of (2 - 3) + (-18 - -4 - -6)?
-9
Evaluate (3 - 52) + 19 + 6.
-24
0 - 2 - 7 - -3 - (-98 + 80)
12
Evaluate -6 + (2 - -14 - 6) + -24.
-20
Calculate 5 - (2 - 0) - (-285 - -253).
35
Calculate (18 - 1) + -3 + -3.
11
What is 0 - (6 - 1) - (-115 - (-114 - -31))?
27
-12 + -2 - -19 - (-3 + 3 + 2)
3
Calculate (-32 - 5) + 6 + -47 + 44.
-34
Calculate (9 - (-4 + 18) - -7) + 15.
17
Evaluate -12 + -3 + -12 + 15.
-12
Evaluate (23 - 36) + (-13 - -35).
9
What is the value of -29 + 101 + -27 - 27?
18
-11 + (10 - 35 - -58)
22
Evaluate 0 + (31 - (31 - -21)).
-21
What is the value of 17 + -2 + 0 - 24?
-9
2 - (4 + 0) - (9 - 2)
-9
What is the value of 4 + 0 - 2 - 0 - (355 + -351)?
-2
What is the value of -2 - (12 - 30) - 1?
15
What is -1 + -41 + (54 - -3)?
15
Evaluate 1 + -4 - -3 - (24 + -15).
-9
What is the value of -27 + 45 + -8 + (0 - 0)?
10
What is the value of 322 + -341 - (-8 + -1)?
-10
Evaluate 133 + -145 + 18 + 1.
7
What is the value of (1 - -1 - 12) + 8 + -9 + 0?
-11
24 - (24 + -25) - 48
-23
What is -5 - ((0 - 7) + 0 - 1)?
3
What is the value of 22 + -46 + 23 - -15?
14
What is -15 + -17 + 62 + -15?
15
-1 - -2 - 20 - (-4 - -2 - -1)
-18
What is 6 - 1 - (-25 + 13 + 10)?
7
(0 - (-6 + -1)) + 2407 + -2400 - 1
13
What is the value of -3 + 24 + (-152 - -123)?
-8
(11 - ((2 - -2 - 10) + 2)) + 0
15
Calculate -2 + (9 + -9 - -14).
12
Calculate 4 + (5 - 6) - (-10 + 3).
10
Evaluate 0 + -1 - 5 - (1 + -11).
4
16 - (7 - (-10 + -7))
-8
What is 3 + -27 - (-16 + 22)?
-30
What is -9 + (5 - 3) + 74 + -44?
23
What is the value of (7 + -64 - -23) + 19?
-15
Evaluate 47 + (-20 - (13 + (-6 - 8))).
28
What is 8 + 1 + (82 - 85) + 0 + -1?
5
What is the value of -8 - (-33 - -24 - -4)?
-3
(54 - 58) + 38 + -2 + -8
24
(-6 + 26 - 23) + -13
-16
What is the value of -3 - (13 + -3 + 1 - (5 - 2))?
-11
What is the value of 0 + 5 + (0 + -24 - -16)?
-3
What is -5 + 20 + (-20 - -17)?
12
What is the value of -1 + -33 + -82 + 102?
-14
What is the value of -11 + 12 + (3 - (-6 - -15)) + 16?
11
What is the value of (0 + 11 - 29) + 43 + -28?
-3
(7 - 5) + 5 - (3 - 0)
4
What is the value of -1 + 13 + -3 + 5 + (2 - -1)?
17
Calculate (-2 - 16) + 14 + 18.
14
What is the value of -8 - (-26 - (-7 - -14 - 14))?
11
Evaluate 15 - (-13 - -2 - -23).
3
What is the value of 0 - 10 - (33 + (-84 - -48))?
-7
-6 + (-7 - (3 + 1)) + 0
-17
What is -10 - (-35 - -1 - (1 - 9))?
16
7 + -8 + -3 - -7
3
What is the value of -5 + (6 - (8 - 17))?
10
What is (1 - (-65 + 32)) + -25?
9
Evaluate 18 + (-39 - -14) + 13.
6
What is the value of (-4 + -4 + 10 - -13) + (2 - -2)?
19
Calculate -41 + 45 + -20 + 37.
21
Calculate 6 + 9 + (-8 - 3).
4
-18 - (-3 + -4 + 3 + -1 + 0)
-13
What is 0 + (3 - -1 - (71 + -65))?
-2
Evaluate (-2 - 1) + (410 - 411).
-4
Evaluate (-6 - 9 - -8) + 18.
11
What is the value of -11 + 8 + (1 + -2 - -9)?
5
Calculate 68 + -61 + (-2 - 2) + (2 - -1).
6
What is (-1 - 1) + 0 - (69 + -122 + 73)?
-22
What is the value of 7 + 0 + 2 - (8 - 16 - -17)?
0
Evaluate (-2 - -1) + -30 + 58 + -22.
5
What is (-1 + (10 - (6 - 1)) - 16) + 6?
-6
What is the value of -6 - -10 - -9 - 21?
-8
Calculate 75 + -78 + 3 + -1 + -3 + -2.
-6
(21 - 4) + -30 + (3 - 12)
-22
What is the value of -8 - (-12 + 3 + 11 + 2 + -7)?
-5
Evaluate 1 - -2 - -11 - (-2 + 10 + -8).
14
Calculate 7 + -9 - (5 + -7 + 2 + 1).
-3
What is the value of 4 - -12 - 17 - 4?
-5
Evaluate -38 + (-8 - -14) - (-11 - (-1 + -3)).
-25
(-10 - (-8 + 7)) + 2 + (29 - 6)
16
Calculate -7 - (1 - ((-23 - -35) + (-1 - 2))).
1
What is the value of -56 - -30 - (-36 + -12)?
22
Calculate 1 + -2 + 5 + -4 + -2 + 6.
4
What is the value of -6 + (6 - 16) + 0 + 1 + 5?
-10
What is the value of 6 + (-1 - 14) + -80 + 94?
5
What is the value of -37 + 32 - (-5 - 17 - -3)?
14
What is (9 - 0) + -16 + -6?
-13
What is 11 + -5 - 3 - 15 - -6?
-6
Evaluate -5 - -7 - (-6 - 0) - (13 + -10).
5
Evaluate -11 + (-19 - -16) - -26.
12
What is the value of -2 + (13 - (11 - -1)) - 9?
-10
(25 - (0 + 13)) + 6
18
-4 - (0 - -1) - (22 + -36 - -32)
-23
(223 + -200 - (-18 + 1)) + -9 + -1
30
Evaluate (-32 - -38 - 5) + (-12 - -1).
-10
Calculate (24 - 2) + (-86 - -70).
6
What is the value of (251 - 199) + (-13 - 2)?
37
Evaluate -1 - -5 - (243 + -274).
35
-7 - (7 + -20 + -2 + -2 + -1)
11
Calculate 19 + -19 - (3 - 4) - -9.
10
Evaluate 12 - (6 - 0) - (-6 - -13) - 9.
-10
What is the value of -5 - (45 - (-21 + 56))?
-15
What is 33 - 6 - (-1 + 12) - 11?
5
-3340 - -3320 - (-20 + -1)
1
What is the value of 200 + -211 - (-1 - 21)?
11
15 + -66 + 1 - -22
-28
Calculate -7 + 39 + -45 + -2 + 17.
2
Evaluate 5 + 2 + -4 + 13 + -7.
9
What is the value of -11 + (1 - (-38 + 22))?
6
Calculate 13 - ((17 - -20) + -42).
18
Calculate 35 + -68 - (11 - 23).
-21
Calculate 2 + 6 - (8 - (12 - 0)).
12
Calculate 9 - -1 - (-404 - -417).
-3
1 + 3 + (-3 + 0 - -19) + -8
12
0 - (-15 + (19 - 15))
11
2 + 5 + -16 + -5
-14
3 + -1 + 7 + -9 + -5
-5
Calculate 3 + (-4 - -3 - 4) + (-36 - -31).
-7
Calculate (0 - -3) + (26 - (3 - -25)).
1
What is the value of 16 - (20 - 23) - 14 - (-22 + 2)?
25
Calculate 3 - (19 + -8) - (-9 - -4).
-3
What is (-60 - -81) + -19 + 1 + (-1 - 11)?
-9
What is the value of (6 + -11 - 0) + 3 - (-2 - -4)?
-4
What is the value of -10 + 1 + (67 - 140) + 70?
-12
What is 96 + -85 - (1 - -5) - -11?
16
Evaluate 1 + -14 + 17 - (-2 - 2).
8
What is -3 + (-25 - -50) - 35?
-13
What is (11 + (-12 - -5) - 9) + 7 + 5?
7
What is 0 - 19 - -1 - (-290 + 278)?
-6
Evaluate 37 + -57 - (-1 + -1).
-18
What is 18 + -5 + -36 + 17?
-6
Evaluate 4 - -20 - 2 - (40 - 31).
13
Evaluate (-4 - 1) + (-16 - -11) + 8.
-2
Calculate (-16 - 26 - -32) + 7.
-3
What is the value of -15 + -5 + (9 - 6) + 5?
-12
What is the value of 12 + (-9 - 0) + 5?
8
Calculate (-20 - -19) + (5 - -2) - 11.
-5
4 + (-14 - -25) - 27
-12
Calculate 25 - (39 + 6 - 13).
-7
Calculate 5 - (1 - (4 + -24 + (-3 - -6))).
-13
Calculate (0 - (-18 - -12)) + 4.
10
What is (-3 - -5) + 10 + (-1 - 5) - 11?
-5
Calculate 1 - 1 - (-21 + (8 - -4)).
9
(1 - -13) + (14 - ((9 - 23) + 31))
11
What is the value of 42 - 71 - -59 - -4?
34
What is (-19 - -27) + -37 - -16?
-13
What is the value of -28 - (-42 + 4 - -42)?
-32
What is -14 - (9 + -14) - (-2 - -1 - -6)?
-14
Evaluate (9 - 2) + (14 - (3 + 3)).
15
-13 + 3 + (15 - 32) + -13
-40
Evaluate -3 + (-17 - (-4 + (-10 - -8))).
-14
Calculate (-36 - -35) + 1 + -1.
-1
Calculate -9 + 13 + -6 - (-5 + (7 - 2)).
-2
What is the value of (7 + 7 - 3) + 8 + -5?
14
-4 + 7 + -1 + (6 - 4)
4
Calculate -7 - -1 - ((6 - 30) + 36).
-18
What is -6 - (2 + (13 - (11 - 7) - 7))?
-10
What is the value of -7 - (0 - 6 - (18 + -22) - 11)?
6
Evaluate (-19 - 6 - -38) + -10.
3
What is 33 - -2 - (-299 - -312)?
22
What is 47 - 14 - 13 - -2?
22
What is the value of 127 + -134 + 16 + 1?
10
Calculate -9 + -26 + 15 - (1 + -6).
-15
Evaluate 0 + 8 + -25 + 4 + 15.
2
What is (-24 - 7) + 30 + (-1 - (3 + 2))?
-7
What is (4 - (-7 - (5 - (5 - -5)))) + -4?
2
Evaluate 25 - 3 - 6 - (4 + 7 + -4).
9
Calculate (-471 - -468) + 40 + 2.
39
Calculate (0 - (0 - -4)) + (-44 - (-15 - 26)).
-7
What is the value of 214 + -222 - (5 - -2)?
-15
8 - ((-2 - -2) 